{"id":584,"date":"2024-06-18T23:51:28","date_gmt":"2024-06-18T21:51:28","guid":{"rendered":"https:\/\/helianails-paris.com\/?page_id=584"},"modified":"2024-06-27T19:06:20","modified_gmt":"2024-06-27T17:06:20","slug":"reserver","status":"publish","type":"page","link":"https:\/\/helianails-paris.com\/index.php\/reserver\/","title":{"rendered":"PRENDRE RDV"},"content":{"rendered":"<div class=\"wp-block-image is-style-rounded\">\n<figure class=\"aligncenter size-full is-resized\"><a href=\"https:\/\/www.planity.com\/helia-nails-75005-paris-rk4\" target=\"_blank\" rel=\"noreferrer noopener\"><img decoding=\"async\" src=\"https:\/\/helianails-paris.com\/wp-content\/uploads\/2024\/06\/Logo-Planity-copie-768x768-1-e1718748422523.png\" alt=\"\" class=\"wp-image-591\" style=\"aspect-ratio:1;width:253px;height:auto\"\/><\/a><\/figure><\/div>\n\n\n<h3 class=\"wp-block-heading has-text-align-center\"><strong><mark style=\"background-color:rgba(0, 0, 0, 0)\" class=\"has-inline-color has-black-color\">R\u00e9server sur Planity<\/mark><\/strong><\/h3>\n\n\n<div class=\"wp-block-image is-style-rounded\">\n<figure class=\"aligncenter is-resized\"><a href=\"https:\/\/widget.treatwell.fr\/salon\/helia-nails\/\" target=\"_blank\" rel=\"noreferrer noopener\"><img decoding=\"async\" src=\"https:\/\/helianails-paris.com\/wp-content\/uploads\/2024\/06\/Logo-treatwell.png\" alt=\"\" class=\"wp-image-592\" style=\"aspect-ratio:1;width:256px;height:auto\"\/><\/a><\/figure><\/div>\n\n\n<h3 class=\"wp-block-heading has-text-align-center\"><strong><mark style=\"background-color:rgba(0, 0, 0, 0);color:#f8802b\" class=\"has-inline-color\">R\u00e9server sur TreatWell<\/mark><\/strong><\/h3>\n\n\n<div class=\"wp-block-image\">\n<figure class=\"aligncenter size-large is-resized\"><a href=\"https:\/\/ig.me\/m\/helianails.paris\/\" target=\"_blank\" rel=\"noreferrer noopener\"><img decoding=\"async\" loading=\"lazy\" width=\"1024\" height=\"1024\" src=\"https:\/\/helianails-paris.com\/wp-content\/uploads\/2024\/06\/logo-insta-1024x1024.png\" alt=\"\" class=\"wp-image-638\" style=\"aspect-ratio:1;width:247px;height:auto\"\/><\/a><\/figure><\/div>\n\n\n<h3 class=\"wp-block-heading has-text-align-center\"><strong><mark style=\"background-color:rgba(0, 0, 0, 0);color:#c640b7\" class=\"has-inline-color\">R\u00e9server sur Insta Message<\/mark><\/strong><\/h3>\n","protected":false},"excerpt":{"rendered":"<p>R\u00e9server sur Planity R\u00e9server sur TreatWell R\u00e9server sur Insta Message<\/p>\n","protected":false},"author":1,"featured_media":0,"parent":0,"menu_order":0,"comment_status":"closed","ping_status":"closed","template":"","meta":{"footnotes":""},"_links":{"self":[{"href":"https:\/\/helianails-paris.com\/index.php\/wp-json\/wp\/v2\/pages\/584"}],"collection":[{"href":"https:\/\/helianails-paris.com\/index.php\/wp-json\/wp\/v2\/pages"}],"about":[{"href":"https:\/\/helianails-paris.com\/index.php\/wp-json\/wp\/v2\/types\/page"}],"author":[{"embeddable":true,"href":"https:\/\/helianails-paris.com\/index.php\/wp-json\/wp\/v2\/users\/1"}],"replies":[{"embeddable":true,"href":"https:\/\/helianails-paris.com\/index.php\/wp-json\/wp\/v2\/comments?post=584"}],"version-history":[{"count":64,"href":"https:\/\/helianails-paris.com\/index.php\/wp-json\/wp\/v2\/pages\/584\/revisions"}],"predecessor-version":[{"id":812,"href":"https:\/\/helianails-paris.com\/index.php\/wp-json\/wp\/v2\/pages\/584\/revisions\/812"}],"wp:attachment":[{"href":"https:\/\/helianails-paris.com\/index.php\/wp-json\/wp\/v2\/media?parent=584"}],"curies":[{"name":"wp","href":"https:\/\/api.w.org\/{rel}","templated":true}]}}